 Let d = i + -7. What is the units digit of d?
5
Let h be (1 + 3)/2*1. Suppose -q = -h*q + 32. What is the tens digit of q?
3
Let s(u) = 6*u**2 + 2*u + 9. Let i(g) = -5*g**2 - g - 9. Let a(d) = -7*i(d) - 6*s(d). What is the units digit of a(-4)?
3
Let s = 3 - 14. Let i = 18 + s. What is the units digit of i?
7
Let k(l) = l**3 + 4*l**2 - 5*l - 2. Let d be 1/((-5)/(-4))*-5. What is the tens digit of k(d)?
1
Let q(x) = x**2 - x. Let m be q(1). Let t = 5 - m. What is the units digit of t?
5
Let x be (-2 - -1)*-1 + 2. Suppose -x*f - w = -45 + 8, -10 = -f + 2*w. What is the units digit of f?
2
Suppose 3*u = 4*u - 5*a - 20, -a = -4. What is the tens digit of u?
4
Suppose 5*i + 9 = j, -i = j - 3*j. Let w(y) = 6*y**2 - 1. Let p be w(j). Let s = 13 - p. What is the units digit of s?
8
Let w be (-5)/(2/4*-2). Suppose -5*d = -w*h - 27 + 7, 4*h + 3*d - 5 = 0. What is the tens digit of 5/((h/(-4))/1)?
2
Let q(o) = -o**3 + 11*o**2 + 2. Let h be q(11). Suppose 5*w = -2*y + 65, w - 45 = -h*y - 0*w. What is the units digit of y?
0
Suppose -7*n + 7 = -2*n + h, -n = 2*h + 4. Suppose n*a = -a + 4*k + 47, 0 = 4*a - 4*k - 64. What is the tens digit of a?
1
Suppose -18*i + 14*i = -980. What is the hundreds digit of i?
2
Let m(f) = 12*f**3 + f**2. Let x = 3 + -2. What is the tens digit of m(x)?
1
Suppose 4*u - 14 = -5*l, 1 = 3*l + 5*u - 10. Suppose 44 = l*k - 16. Suppose k = -v + 6*v. What is the units digit of v?
6
Let z = 608 + -322. What is the tens digit of z?
8
Let x = -2 + 3. Let f = -1 - -1. Suppose f = s - 5*u + x - 2, -u = 4*s - 4. What is the units digit of s?
1
Let n be ((-6)/(-4))/(4/8). Suppose n*f = -5*p - 39, 2*p - f + 4 = -5. Let h = 0 - p. What is the units digit of h?
6
Suppose 0 = 5*l - 2*g + 109, -3*l - 3*g = -l + 36. Let w = l + 49. What is the units digit of w?
8
Let v(b) be the third derivative of -b**5/60 - 5*b**4/12 - 5*b**3/3 + 5*b**2. What is the tens digit of v(-7)?
1
Suppose 5*q - 18 = -5*t + 2, -2*q + 9 = t. Suppose -4*r + q*r - 7 = 0. What is the units digit of r?
7
Let g(x) = x**3 + 6*x**2 - 4*x. Let r be g(-6). Let v be -1*14*r/(-28). Suppose 0 = -4*h + h + v. What is the units digit of h?
4
What is the tens digit of (-3 - (-87)/(-6))*-2?
3
What is the tens digit of (-976)/(-18) - 4/18?
5
Let l = -2 - -8. Let u(q) = -2*q**2 + 27*q - 11. Let j be u(13). What is the units digit of (j - 4 - -1) + l?
5
Let r(c) = -2*c - 4. Let n = 5 - -5. Let f = -14 + n. What is the units digit of r(f)?
4
Let l be ((-2)/6)/(1/(-33)). Suppose l = -5*d + 61. What is the tens digit of d?
1
Suppose -4*f + 7*f = 42. Suppose -3*g + 49 + f = 0. Let y = g + -12. What is the units digit of y?
9
Let c(g) = g - 3. Let a be c(5). Suppose -a*v + 7*v - 20 = 0. What is the units digit of v?
4
Let h(c) = -4*c - 4. Let t be h(-3). Let y(a) = 1 - 4*a + t*a + 2*a. What is the units digit of y(2)?
3
Let d(g) = -g. Let j be d(-4). Suppose -t = -j*t + 33. What is the units digit of t?
1
Let i(q) = q**3 + 5*q**2 + 4*q + 2. Let u be i(-2). Suppose -2*c + u = -3*h, -6*c + c + 15 = 5*h. What is the units digit of c?
3
Suppose -2*y - 2*n = 2, 4*y - 3*n = -6 - 5. Let g be (y - 2)*(-1)/4. Let l(i) = 17*i**3. What is the tens digit of l(g)?
1
Suppose 3*g = 7*g + 5*n - 130, -2*g + 74 = -2*n. What is the tens digit of g?
3
Suppose 4*z = -1 - 3, 5*g + 4*z = 636. What is the hundreds digit of g?
1
Let n = 6 - 8. What is the tens digit of (132/10)/(n/(-5))?
3
Let h(x) = -2*x. Let g be h(-3). What is the units digit of 22/6 + (-4)/g?
3
Let c be (-2)/(-4)*0 - -1. Let k be (-94)/(-8) + c/4. Suppose 3*g + g - k = 0. What is the units digit of g?
3
Let n(j) = j**2 - 5*j - 10. Suppose 5*h = 5*k + 55, 0 = h - 0*h + 5*k + 7. What is the units digit of n(h)?
4
Let v(l) = -l**3 + 2*l**2 + l + 4. Let x be v(3). Let c = x + 10. Suppose 0 = -w + 1 + c. What is the units digit of w?
9
Let f = 5 + 94. What is the units digit of f?
9
Suppose -234 - 468 = -9*x. What is the tens digit of x?
7
Let g be (16/(-28))/((-8)/2492). Suppose 4*z - g - 58 = j, -54 = -z - j. What is the tens digit of z?
5
Let a(g) = -g**3 - 3*g**2 + 3*g - 1. Let w be a(-4). Suppose -u + 31 = -2*c - 2*c, 2*u + w*c = 7. What is the tens digit of 1/(0 + -1) + u?
1
Let q = -26 + 40. Let p = q - 7. Suppose -1 + p = f. What is the units digit of f?
6
Let x(u) be the third derivative of -u**4/3 + 3*u**3/2 - 4*u**2. What is the units digit of x(-4)?
1
Suppose -d = -4*b - 63 + 18, -4*b = 3*d - 119. What is the units digit of d?
1
Suppose 0 = 3*b - 5*b - 2. Let q be 7*1 + 2 + b. What is the units digit of 42/q - (-2)/(-8)?
5
Suppose -2*y + 1 = -y. Let h be 6/(-4) + (-2)/4. What is the units digit of y/h*-1*16?
8
Suppose d = -4*d. Suppose 3*o + 2*m = 61, d = 3*o + o + m - 73. What is the units digit of o?
7
Suppose -2*a = -5*a + 21. Suppose 4*y + a - 39 = 0. Suppose 0 = -3*m + y*m - 5. What is the units digit of m?
1
Let p = 41 - 17. What is the tens digit of p?
2
Let z = 7 - 16. Let r = z - -9. Suppose -5*g + 27 = -i, 0*i + 3*i + 6 = r. What is the units digit of g?
5
Let w(d) = -d + 5. Let c be w(6). Let f be (c/(-2))/(4/24). Let o = 5 - f. What is the units digit of o?
2
Let r(j) = j**3. Let f be r(-1). What is the tens digit of f/(((-28)/(-132))/(-7))?
3
Suppose 2*n = -1 - 3. Let y(q) = 4*q**2 - 2*q + 1. What is the tens digit of y(n)?
2
Suppose 9 = 9*j - 27. Let k be 22*(-2)/(-4)*2. Suppose -6*c + 22 = -c - x, -3*x = -j*c + k. What is the units digit of c?
4
What is the units digit of (-6)/(-21) + (1 - 1342/(-7))?
3
Let f be -10*(12/(-10) - 0). Let b = 26 - f. What is the units digit of 4/b + 12/7?
2
Let r be (-392)/(-21) - (-2)/(-3). Suppose -3*v + 4*v = 3*d - 1, -2*d = -3*v + r. What is the units digit of v?
8
Let d = -3 - -8. What is the units digit of (4/d)/(8/160)?
6
Let p be 1/(-1) - (0 - 3). Suppose 0 = -3*i - 3*m + 84, -28 + 0 = -i - p*m. What is the tens digit of i?
2
Let s(l) = 17*l**2 - 1. Let y be s(-1). Let v = y + -6. What is the tens digit of v?
1
Suppose 0 = -v + 5*k + 8, -v - k - 4 = 0. Let r be 4 + (0 - v) + -3. Suppose 2*a + 3 = r*g, 13 = 3*g + 4. What is the units digit of a?
3
Suppose 14*k - 70 = 9*k. What is the tens digit of k?
1
Let u = 12 - 8. Suppose 2*p = 2 + 6. Suppose u*y = -p*r + 32, -6*y + 5*r = -4*y - 30. What is the tens digit of y?
1
Suppose 4*t = -t + 10. What is the units digit of t?
2
Let m be (0 + (-1)/(-3))*0. Suppose h - 3 - 1 = m. Let c = h + 0. What is the units digit of c?
4
Let w(t) = 30*t**3 - t**2 - 8*t + 8. What is the hundreds digit of w(2)?
2
Suppose 0 = 2*w + 1 + 3. Suppose -5*m - 4*s + 13 + 36 = 0, -5*s + 5 = 0. Let o = m + w. What is the units digit of o?
7
Suppose 171*r + 1704 = 177*r. What is the hundreds digit of r?
2
Suppose 0 = -6*a + a + 25. Suppose -a*d - 27 = -0*j - j, 3*d = -3*j - 27. What is the units digit of 28/d*(-18)/7?
2
What is the units digit of (8/30 - (-39)/(-65))*-762?
4
Let m = 5 - -6. Let t(i) = -3*i**2 + 2*i + 1. Let l be t(2). Let u = l + m. What is the units digit of u?
4
Let v(d) = d**2 + 4*d + 3. Let z be v(-2). What is the units digit of (-2)/z*(-30)/(-12)?
5
Let a(n) = n**2 - 2*n**2 + 7*n + 3*n - 12. What is the units digit of a(8)?
4
Let s(a) = 3*a - 2. What is the units digit of s(6)?
6
Let b = 7 - 3. Suppose -11 = -2*r + r. Suppose -f - 2 = -b*u, 0*u - 5*u = 3*f - r. What is the units digit of f?
2
Let b(v) = v + 18. What is the units digit of b(3)?
1
Let r(v) = -4*v - 7*v - 3 + 7*v + 0*v + 56*v**2. What is the units digit of r(-1)?
7
What is the units digit of ((576/14)/8)/((-6)/(-112))?
6
Let p = 28 - 16. What is the tens digit of (p + -4)/(2/4)?
1
Suppose o + 30 = 4*i + 4*o, -43 = -5*i - o. What is the units digit of i?
9
Suppose 5*g - 13 = 12, 0 = -2*p - 4*g + 284. What is the hundreds digit of p?
1
Suppose 3*p = 5*n - 70, -39 = -2*n - 0*p - p. What is the units digit of n?
7
Let h(u) = -7*u + 2. What is the tens digit of h(-3)?
2
Let v be 54/(-42) - (-2)/7. What is the tens digit of v/2 - (-315)/14?
2
Suppose g + 0*g - 6 = 0. Suppose 2*k - y = -0*y + 41, 5*y = -15. Suppose 0 = -5*f + g + k. What is the units digit of f?
5
Let w be (4/(-2))/4*-8. Suppose -44 = -5*j - w*b - 9, -3*j - b + 28 = 0. What is the units digit of j?
1
Suppose -17*a + 7*a = -920. What is the units digit of a?
2
Suppose -4 = -3*l + 2. Let t(x) = -x**3 - 9*x**2 - 9*x - 7. Let v